s 77761 a prime number?
True
Is 40361 a prime number?
True
Is 101615 a prime number?
False
Is 12149 composite?
False
Is 13859 prime?
True
Is 220291 a prime number?
True
Is 62347 composite?
False
Is 14253 prime?
False
Is 44483 composite?
False
Is 1471915 composite?
True
Is 16973 a prime number?
False
Is 2099467 a prime number?
True
Is 167957 composite?
True
Is 2719 prime?
True
Is 6331 prime?
False
Is 6022 a composite number?
True
Is 55619 composite?
False
Is 33203 composite?
False
Is 10979 composite?
False
Is 688855 a composite number?
True
Is 120193 a prime number?
True
Is 216091 a prime number?
True
Is 77483 a prime number?
False
Is 16301 a composite number?
False
Is 1117 a prime number?
True
Is 81761 composite?
False
Is 484535 composite?
True
Is 376069 composite?
True
Is 288185 a prime number?
False
Is 22769 composite?
False
Is 37613 composite?
True
Is 1851 prime?
False
Is 408997 prime?
True
Is 33541 prime?
False
Is 14026 composite?
True
Is 25807 prime?
False
Is 2938523 composite?
True
Is 12343 a prime number?
True
Is 174037 prime?
False
Is 29897 a composite number?
True
Is 714817 prime?
False
Is 2579 prime?
True
Is 1244767 a prime number?
False
Is 27349 a composite number?
True
Is 88051 a prime number?
False
Is 1931 composite?
False
Is 428429 a composite number?
False
Is 8503 a prime number?
False
Is 14479 a prime number?
True
Is 9517 a prime number?
False
Is 18797 prime?
True
Is 2395147 prime?
False
Is 19673 composite?
True
Is 3083 a prime number?
True
Is 4097 a prime number?
False
Is 10579 composite?
True
Is 528835 a prime number?
False
Is 218069 prime?
True
Is 28559 a composite number?
False
Is 39019 a prime number?
True
Is 601201 prime?
True
Is 57839 composite?
False
Is 78877 prime?
True
Is 156019 composite?
False
Is 6157 composite?
True
Is 18949 a composite number?
True
Is 3281 a prime number?
False
Is 2933 a prime number?
False
Is 635945 a composite number?
True
Is 36167 prime?
False
Is 33679 a prime number?
True
Is 68719 prime?
False
Is 105319 a prime number?
True
Is 19797 composite?
True
Is 5893 prime?
False
Is 7573 a prime number?
True
Is 3643 prime?
True
Is 23147 a prime number?
False
Is 10694 a prime number?
False
Is 77261 a prime number?
True
Is 72665 a composite number?
True
Is 68167 a prime number?
False
Is 1027 a prime number?
False
Is 394897 a prime number?
True
Is 81349 composite?
False
Is 107837 a prime number?
True
Is 875587 composite?
True
Is 4931 a composite number?
False
Is 10847 a composite number?
False
Is 2569 prime?
False
Is 260423 prime?
False
Is 61813 prime?
True
Is 48046 composite?
True
Is 15049 a prime number?
False
Is 30001 a composite number?
True
Is 17647 composite?
True
Is 20471 composite?
True
Is 1568681 composite?
True
Is 161659 composite?
False
Is 735011 a composite number?
True
Is 426563 a prime number?
True
Is 1711 a prime number?
False
Is 17774 a prime number?
False
Is 57941 composite?
True
Is 10762 prime?
False
Is 23789 a prime number?
True
Is 14851 a composite number?
False
Is 535181 a composite number?
False
Is 395921 a composite number?
False
Is 37543 prime?
False
Is 177967 prime?
True
Is 138661 a composite number?
False
Is 10587 prime?
False
Is 12686 a composite number?
True
Is 15959 a prime number?
True
Is 833219 a composite number?
False
Is 669 prime?
False
Is 2819 a prime number?
True
Is 4637 composite?
False
Is 10097 a prime number?
False
Is 21263 a prime number?
False
Is 1992937 composite?
False
Is 11633 prime?
True
Is 791 a composite number?
True
Is 89861 a composite number?
True
Is 42037 prime?
False
Is 31523 a composite number?
True
Is 30689 composite?
False
Is 128179 composite?
True
Is 3793 a composite number?
False
Is 661009 a prime number?
True
Is 41381 composite?
False
Is 1181639 composite?
True
Is 164477 prime?
True
Is 1050611 a prime number?
True
Is 54311 composite?
False
Is 68473 a prime number?
True
Is 19997 prime?
True
Is 437843 a prime number?
False
Is 265231 a prime number?
True
Is 468505 prime?
False
Is 5663 prime?
False
Is 177737 a prime number?
False
Is 3907 a composite number?
False
Is 8913 a composite number?
True
Is 67657 a composite number?
True
Is 95701 a prime number?
True
Is 63911 a prime number?
False
Is 28463 a prime number?
True
Is 1805327 composite?
False
Is 400749 composite?
True
Is 129202 a prime number?
False
Is 2149 a composite number?
True
Is 11130131 a prime number?
True
Is 9941 composite?
False
Is 1502419 a composite number?
False
Is 258959 a composite number?
False
Is 863179 composite?
False
Is 1582943 a prime number?
False
Is 19715 a prime number?
False
Is 244203 a prime number?
False
Is 220283 composite?
True
Is 132127 a prime number?
False
Is 9193 a composite number?
True
Is 485191 a prime number?
False
Is 488197 a composite number?
False
Is 98593 a prime number?
False
Is 114067 composite?
False
Is 686197 composite?
False
Is 6467 a prime number?
False
Is 96377 composite?
False
Is 21271 a composite number?
True
Is 517 a composite number?
True
Is 31637 a composite number?
True
Is 206291 prime?
True
Is 9277 a prime number?
True
Is 462247 prime?
False
Is 2935 a prime number?
False
Is 315895 composite?
True
Is 18113 a prime number?
False
Is 20249 prime?
True
Is 554167 composite?
False
Is 11863 a prime number?
True
Is 6389 a prime number?
True
Is 2153 a composite number?
False
Is 913 a prime number?
False
Is 8039 prime?
True
Is 26689 a prime number?
False
Is 11093 a prime number?
True
Is 204427 composite?
False
Is 98461 a prime number?
False
Is 855026 a composite number?
True
Is 213211 a composite number?
True
Is 76227 composite?
True
Is 43223 prime?
True
Is 1221181 composite?
True
Is 1019431 a prime number?
False
Is 9797 prime?
False
Is 56321 composite?
True
Is 319541 a composite number?
False
Is 12569 composite?
False
Is 199211 a prime number?
True
Is 674159 prime?
True
Is 18659 a prime number?
False
Is 3671 a prime number?
True
Is 15563 prime?
False
Is 771427 a composite number?
False
Is 74131 composite?
False
Is 17699 a prime number?
False
Is 706 a prime number?
False
Is 53773 composite?
False
Is 88771 composite?
False
Is 35221 a composite number?
False
Is 656671 a prime number?
True
Is 1086791 composite?
False
Is 11203 a prime number?
False
Is 263323 prime?
True
Is 682597 composite?
False
Is 203123 prime?
False
Is 756911 composite?
True
Is 464663 a composite number?
False
Is 22541 a composite number?
False
Is 19373 a composite number?
False
Is 31469 a prime number?
True
Is 28039 prime?
False
Is 77471 a prime number?
True
Is 14167 a composite number?
True
Is 1569401 composite?
False
Is 365969 a composite number?
False
Is 11801 a composite number?
False
Is 631897 composite?
True
Is 30993 composite?
True
Is 9029 composite?
False
Is 12739 a composite number?
False
Is 1381 a prime number?
True
Is 31359 prime?
False
Is 479951 prime?
True
Is 2899 a composite number?
True
Is 765683 a composite number?
True
Is 39581 composite?
False
Is 15227 a prime number?
True
Is 68597 prime?
True
Is 844211 prime?
False
Is 3263 composite?
True
Is 198461 composite?
False
Is 2657 composite?
False
Is 3550357 a prime number?
True
Is 17033 composite?
False
Is 69163 a prime number?
True
Is 197363 a composite number?
True
Is 30395 a prime number?
False
Is 37049 a prime number?
True
Is 91121 a prime number?
True
Is 787 prime?
True
Is 46211 composite?
True
Is 1086793 composite?
True
Is 7279 a prime number?
False
Is 408359 composite?
True
Is 9131 a prime number?
False
Is 2927 composite?
False
Is 97771 a prime number?
True
Is 32663 a composite number?
True
Is 3707 composite?
True
Is 2642111 composite?
False
Is 691 composite?
False
Is 566855 composite?
True
Is 33679 composite?
False
Is 26093 a prime number?
False
Is 1238047 a prime number?
False
Is 207167 a composite number?
True
Is 401899 a composite number?
True
Is 9287 prime?
False
Is 8717 a composite number?
True
Is 512659 a composite number?
True
Is 44219 a composite number?
True
Is 3979 a prime number?
False
Is 377 prime?
False
Is 343789 composite?
True
Is 236197 a composite number?
True
Is 37579 a composite number?
False
Is 495367 prime?
False
Is 10841 a composite number?
True
Is 2669 a composite number?
True
Is 2707 prime?
True
Is 217361 composite?
False
Is 17657 a composite number?
False
Is 62459 composite?
False
Is 15859 pri